{"version":"1.0","provider_name":"S\u00e9bastien Majerowicz","provider_url":"https:\/\/www.sebastien-majerowicz.fr","author_name":"S\u00e9bastien Majerowicz","author_url":"https:\/\/www.sebastien-majerowicz.fr\/index.php\/author\/damenaturephotography_admin\/","title":"O\u00f9 sont les arbres - S\u00e9bastien Majerowicz","type":"rich","width":600,"height":338,"html":"<blockquote class=\"wp-embedded-content\" data-secret=\"IBNcnyxsX1\"><a href=\"https:\/\/www.sebastien-majerowicz.fr\/index.php\/2017\/06\/10\/ou-sont-les-arbres\/\">O\u00f9 sont les arbres<\/a><\/blockquote><iframe sandbox=\"allow-scripts\" security=\"restricted\" src=\"https:\/\/www.sebastien-majerowicz.fr\/index.php\/2017\/06\/10\/ou-sont-les-arbres\/embed\/#?secret=IBNcnyxsX1\" width=\"600\" height=\"338\" title=\"\u00ab\u00a0O\u00f9 sont les arbres\u00a0\u00bb &#8212; S\u00e9bastien Majerowicz\" data-secret=\"IBNcnyxsX1\" frameborder=\"0\" marginwidth=\"0\" marginheight=\"0\" scrolling=\"no\" class=\"wp-embedded-content\"><\/iframe><script>\n\/*! This file is auto-generated *\/\n!function(d,l){\"use strict\";l.querySelector&&d.addEventListener&&\"undefined\"!=typeof URL&&(d.wp=d.wp||{},d.wp.receiveEmbedMessage||(d.wp.receiveEmbedMessage=function(e){var t=e.data;if((t||t.secret||t.message||t.value)&&!\/[^a-zA-Z0-9]\/.test(t.secret)){for(var s,r,n,a=l.querySelectorAll('iframe[data-secret=\"'+t.secret+'\"]'),o=l.querySelectorAll('blockquote[data-secret=\"'+t.secret+'\"]'),c=new RegExp(\"^https?:$\",\"i\"),i=0;i<o.length;i++)o[i].style.display=\"none\";for(i=0;i<a.length;i++)s=a[i],e.source===s.contentWindow&&(s.removeAttribute(\"style\"),\"height\"===t.message?(1e3<(r=parseInt(t.value,10))?r=1e3:~~r<200&&(r=200),s.height=r):\"link\"===t.message&&(r=new URL(s.getAttribute(\"src\")),n=new URL(t.value),c.test(n.protocol))&&n.host===r.host&&l.activeElement===s&&(d.top.location.href=t.value))}},d.addEventListener(\"message\",d.wp.receiveEmbedMessage,!1),l.addEventListener(\"DOMContentLoaded\",function(){for(var e,t,s=l.querySelectorAll(\"iframe.wp-embedded-content\"),r=0;r<s.length;r++)(t=(e=s[r]).getAttribute(\"data-secret\"))||(t=Math.random().toString(36).substring(2,12),e.src+=\"#?secret=\"+t,e.setAttribute(\"data-secret\",t)),e.contentWindow.postMessage({message:\"ready\",secret:t},\"*\")},!1)))}(window,document);\n\/\/# sourceURL=https:\/\/www.sebastien-majerowicz.fr\/wp-includes\/js\/wp-embed.min.js\n<\/script>\n","thumbnail_url":"https:\/\/www.sebastien-majerowicz.fr\/wp-content\/uploads\/2017\/09\/34225849844_23c308c4b4_b.jpg","thumbnail_width":1024,"thumbnail_height":576,"description":"Les poteaux et fil \u00e9lectriques ont remplac\u00e9 les arbres dans nos campagnes. Les oiseaux et en particulier, les rapaces comme ce Faucon cr\u00e9cerelle (Falco tinnunculus), se sont adapt\u00e9s. Toutefois, leur plumage qui doit faire office de camouflage est, ipso facto, devenu inadapt\u00e9. Esp\u00e9rons que leur plumage ne s&rsquo;adapte pour devenir noir comme l&rsquo;isolant des fils [&hellip;]"}

Sébastien Majerowicz

Où sont les arbres - Sébastien Majerowicz

<blockquote class="wp-embedded-content" data-secret="IBNcnyxsX1"><a href="https://www.sebastien-majerowicz.fr/index.php/2017/06/10/ou-sont-les-arbres/">Où sont les arbres</a></blockquote><iframe sandbox="allow-scripts" security="restricted" src="https://www.sebastien-majerowicz.fr/index.php/2017/06/10/ou-sont-les-arbres/embed/#?secret=IBNcnyxsX1" width="600" height="338" title="« Où sont les arbres » &#8212; Sébastien Majerowicz" data-secret="IBNcnyxsX1" frameborder="0" marginwidth="0" marginheight="0" scrolling="no" class="wp-embedded-content"></iframe><script>
/*! This file is auto-generated */
!function(d,l){"use strict";l.querySelector&&d.addEventListener&&"undefined"!=typeof URL&&(d.wp=d.wp||{},d.wp.receiveEmbedMessage||(d.wp.receiveEmbedMessage=function(e){var t=e.data;if((t||t.secret||t.message||t.value)&&!/[^a-zA-Z0-9]/.test(t.secret)){for(var s,r,n,a=l.querySelectorAll('iframe[data-secret="'+t.secret+'"]'),o=l.querySelectorAll('blockquote[data-secret="'+t.secret+'"]'),c=new RegExp("^https?:$","i"),i=0;i<o.length;i++)o[i].style.display="none";for(i=0;i<a.length;i++)s=a[i],e.source===s.contentWindow&&(s.removeAttribute("style"),"height"===t.message?(1e3<(r=parseInt(t.value,10))?r=1e3:~~r<200&&(r=200),s.height=r):"link"===t.message&&(r=new URL(s.getAttribute("src")),n=new URL(t.value),c.test(n.protocol))&&n.host===r.host&&l.activeElement===s&&(d.top.location.href=t.value))}},d.addEventListener("message",d.wp.receiveEmbedMessage,!1),l.addEventListener("DOMContentLoaded",function(){for(var e,t,s=l.querySelectorAll("iframe.wp-embedded-content"),r=0;r<s.length;r++)(t=(e=s[r]).getAttribute("data-secret"))||(t=Math.random().toString(36).substring(2,12),e.src+="#?secret="+t,e.setAttribute("data-secret",t)),e.contentWindow.postMessage({message:"ready",secret:t},"*")},!1)))}(window,document);
//# sourceURL=https://www.sebastien-majerowicz.fr/wp-includes/js/wp-embed.min.js
</script>

Les poteaux et fil électriques ont remplacé les arbres dans nos campagnes. Les oiseaux et en particulier, les rapaces comme ce Faucon crécerelle (Falco tinnunculus), se sont adaptés. Toutefois, leur plumage qui doit faire office de camouflage est, ipso facto, devenu inadapté. Espérons que leur plumage ne s&rsquo;adapte pour devenir noir comme l&rsquo;isolant des fils [&hellip;]
